j**2. Determine l(c).
0
Let h(o) be the third derivative of -o**6/24 + o**5/30 + o**4/24 - 127*o**2. Suppose 5 = -2*a - 3*a. What is h(a)?
6
Let x(a) = 3*a**2 + 2*a - 6. Let u(q) = -4*q**2 - 3*q + 5. Let w(o) = -2*u(o) - 3*x(o). Determine w(0).
8
Let a(v) = 2*v**2 - 2. Let s(w) be the second derivative of -w**3/6 + w**2/2 + w. Let x = -3 + 2. Let o be s(x). Give a(o).
6
Let m(j) = 2*j + 12. Let w = -10 + 8. Let x(q) = 2*q + 11. Let u(n) = w*m(n) + 3*x(n). Give u(-6).
-3
Let m(k) = k**2 - k + 11. Let p be (-54)/(-42) - 2/7. Let l(v) = -v**3 + 2*v**2 - 2*v + 1. Let b be l(p). Determine m(b).
11
Let m(o) = -3*o + o**2 + 2 + o + 5*o. Suppose 2*i + 2*i - 3*t + 5 = 0, -3*t = -i + 1. What is m(i)?
0
Let q = -3 - -10. Suppose 0 + q = -5*x + c, 4*x = 2*c - 2. Let i(r) = -r**2 - 1. What is i(x)?
-5
Let x be 207/(-63) + 6/21. Let r(y) be the second derivative of -y**5/20 - y**4/3 - y**3/6 - y**2 - y. Determine r(x).
-8
Let g(x) be the second derivative of x**3/3 - 7*x**2/2 + x. Let z(j) = j + 8. Let o be z(-2). What is g(o)?
5
Let w(s) = -5*s**3 + s + 1. Let k be w(-1). Suppose 5*j + k = 10. Let i(r) = -j + r + r + r. Calculate i(2).
5
Let g(s) = -5*s**3 + 5*s**2 - 7. Suppose 4*d = -5*t - 31, -3*d + 5*d - 3*t = 1. Let z(r) = r**3 - r**2 + 1. Let n(u) = d*z(u) - g(u). Give n(0).
3
Let s(i) = i**3 - 3*i**2 - 5*i + 2. Let v be 2 + 4 + -1 + -1. Determine s(v).
-2
Let n(h) = -3*h**2 - 8*h + 2. Let i(z) = z**2 + z. Let t(y) = 2*i(y) + n(y). What is t(-7)?
-5
Let w(c) = 13*c**2 + c - 1. Let r(s) = s**3 - s**2 - 6*s + 1. Let y be r(3). Determine w(y).
13
Let h(a) = -a**3 - 8*a**2 - 7*a - 3. Let i be h(-7). Let g be i + 0/(-1) - -1. Let s(b) = b**2 + 3*b. What is s(g)?
-2
Let j(p) = -4 - 5*p + 2 + 0*p**2 - 5*p**2. Let l(a) = 4*a**2 + 4*a + 1. Let t be (-1)/(-5) - (-42)/15. Let o(w) = t*j(w) + 4*l(w). What is o(0)?
-2
Let o(l) be the first derivative of -l**6/360 - l**5/60 - l**4/12 - 2*l**3/3 + 2. Let m(h) be the third derivative of o(h). Give m(-4).
-10
Let b(w) = -w**2 - w - 1. Let k(t) = -5*t**2 + t + 2. Let g(i) = 6*b(i) - k(i). Let f be g(-4). Let j(a) = 6*a + a**3 - 3*a + 2*a - 3 - 5*a**2. What is j(f)?
1
Suppose 30 = 4*d + d. Let z(r) = 3*r + 4*r - 5 - d*r. Determine z(4).
-1
Suppose -5*w + 8 + 2 = 0. Suppose -w = 2*b + 4*x + 2, -b - x = -1. Let u(f) = -2*f + 6*f**2 - f**2 - b*f**2 + 3*f. Determine u(-1).
0
Let s(y) = y**3 - y - 2. Suppose -2*w - 2*d + 10 = 0, -5*d - 5 + 30 = w. Calculate s(w).
-2
Let w(h) be the second derivative of h**5/20 + h**4/4 - h**3 - 2*h**2 + 33*h. Calculate w(-5).
-24
Let o(s) = s + 1. Let x(c) = 3*c + 2. Let d(t) = 5*o(t) - x(t). Let a be (2/(-4))/(2/60). Let f = 10 + a. What is d(f)?
-7
Let u = 3 + -5. Let z(o) = -2*o**3 + 6*o**2 + 2*o + 2. Let n(j) = -j**3 + 5*j**2 + j + 1. Let s(l) = 3*n(l) - 2*z(l). Calculate s(u).
5
Let u(p) = -p + 2. Suppose 2*b + 5*q - 22 + 5 = 0, -3*b + 2*q + 35 = 0. Let m = b + -8. Determine u(m).
-1
Let z(g) = 4*g + 0 + 2 - 7*g. Determine z(2).
-4
Let o(a) = -2*a**3 + 3*a**2 - a - 10. Let x(b) = 3*b**3 - 2*b**2 + b + 11. Let t(s) = -4*o(s) - 3*x(s). Let u(n) = -n - 13. Let v be u(-7). Give t(v).
1
Let c(k) = k**2 - 5*k + 2. Suppose -5 = l, h + 2*h - 32 = 4*l. Give c(h).
-2
Let v(j) be the first derivative of -j**4/4 + 5*j**3/3 + j**2 + 8*j - 13. Let s(g) = 3*g - 6. Let b be s(4). Calculate v(b).
-16
Let i(v) be the second derivative of -1/24*v**4 + 3*v + 0 - 2/3*v**3 - v**2. Let l(g) be the first derivative of i(g). Calculate l(-4).
0
Let c(i) = -3*i + 10*i**3 + 0*i**2 - 11*i**3 - 3*i + 6*i**2 - 1. Let o be c(5). Let s(l) = l**2 + 7*l + 8. Calculate s(o).
2
Suppose 0 = 5*p + 5*t - 60, 3*p + t - 60 = 4*t. Let k = 11 - p. Let c(q) = q**3 + 4*q**2 - 6*q - 7. Determine c(k).
-2
Let y be 3*(-3 + 20/6). Let r(z) be the third derivative of 7*z**4/24 + z**3/6 + 2*z**2. Give r(y).
8
Suppose 3*g = 2*s - g + 2, 0 = -4*s - 4*g - 64. Let t = 20 + -14. Let j = s + t. Let n(v) = -v**3 - 4*v**2 + 5*v + 6. Give n(j).
6
Let d(h) = 4*h**2 + 3 + 4 + h + 0 - h**3 + 3*h. Determine d(5).
2
Suppose 5*g - 32 = -5*v + 2*v, 2*v = 2*g. Let w(x) be the first derivative of x**3/3 - 5*x**2/2 - 2*x + 10. What is w(g)?
-6
Suppose -3*r - 3 = -4*r. Suppose -r*f = -7*f. Let c(m) = f*m - 2*m + 3 - 7. Determine c(-4).
4
Let w(c) = 11*c**2 - 19*c + 7. Let f(b) = 5*b**2 - 9*b + 3. Let g(i) = -9*f(i) + 4*w(i). Let h = 17 + -13. Calculate g(h).
5
Suppose 0 = -q + 5*p - 3, -2*q = 5*p - 0 - 24. Let b(n) = n - 2. What is b(q)?
5
Let c(a) = -3*a + a - 2*a + 6*a - 1. Give c(-1).
-3
Let m(j) = -j**3 - 6*j**2 - 2*j - 7. Let o(w) = 2*w**3 + 12*w**2 + 4*w + 15. Let i(d) = 5*m(d) + 2*o(d). What is i(-6)?
7
Let x(y) = -2*y**3 - 1 + 3*y**2 - 5 + 5. Let k(f) = -2*f**3 - 2*f**2 - f. Let b be k(-2). Suppose -b*q + 5*q = -10. Determine x(q).
-5
Let y = -2 - 0. Let u(p) = 4*p**2 - p. Suppose 0 = 2*l - 16 + 2. Let t(a) = 9*a**2 - 2*a. Let h(m) = l*u(m) - 3*t(m). What is h(y)?
6
Let j be 2/(-3) - (-28)/6. Let z(f) = f**2 - 8*f + 3. Let m be z(8). Let g(y) = 4 - m - j*y - 2. Determine g(-1).
3
Let d be (-2)/9 + 40/18. Let f(z) = z - 2. Let p be f(-2). Let u = d + p. Let k(h) = -2*h**2 - 2*h + 2. Give k(u).
-2
Let n(s) = -7*s - 5 + 5*s**2 + 4*s - 4*s**2. Suppose c + 4*p = -3, -4*c + 4*p + 15 = -13. Give n(c).
5
Let i(c) = 11 + 14 + 7*c**2 - c**3 - 23 - 6*c. Let j(s) = -2*s. Let x be j(-3). Give i(x).
2
Let n(r) = -r**2 - 6*r + 4. Let y be (40/(-12))/(4/6). Calculate n(y).
9
Let q(p) = 2 - 9*p - 4 + 1. Suppose 7 = 3*l + 10. Determine q(l).
8
Let h(l) = -2*l**3 + 5*l**2 + 7*l - 23. Let p(s) = s**3 - 2*s**2 - 3*s + 12. Let u(z) = 3*h(z) + 5*p(z). Give u(6).
-9
Let j(r) = -r**2 + 1. Let b(y) = -7*y**2 + 4*y + 14. Let n(v) = -b(v) + 6*j(v). Give n(7).
13
Let f(d) = d + 10. Let k be f(-6). Let r(q) = -6*q - k - 4*q + 4*q - q**2. Let z be -7 + (-1)/(-1) - -1. Calculate r(z).
1
Let k be (-2)/3*(-15)/2. Let t(l) = 4*l - 7. Determine t(k).
13
Let r(m) be the first derivative of -2 + 1/4*m**4 - 5/2*m**2 - 5/3*m**3 - 8*m. Calculate r(6).
-2
Let i(s) = 4*s**3 + 8*s**2 - 2*s - 4. Let b(t) = t**3 + t**2. Let j(y) = -5*b(y) + i(y). Calculate j(3).
-10
Let g be (-1 - 0)/(2/(-6)). Suppose -15 + 61 = 3*v - 5*k, 0 = g*v - k - 38. Let s = 7 - v. Let c(p) = -p**2 - 5*p - 1. What is c(s)?
-1
Suppose 4*b - 11 = -3*d + 6*b, b = -2*d - 2. Let g(f) be the first derivative of -9*f**4/4 - f**3/3 + f**2/2 - 2. What is g(d)?
-9
Let u = 2 + 1. Let a = u + -11. Let r be 0/a - (0 + -1). Let b(m) = 8*m**3 - 2*m**2 + 2*m - 1. Determine b(r).
7
Suppose -3*i - i - f + 8 = 0, 0 = -5*i + 2*f + 10. Let g(d) = -d**2 - 2*d + 1. Determine g(i).
-7
Suppose -3*t - 9 = -4*t + 4*y, 2*t + 3*y + 4 = 0. Let z(g) = 8*g**3 + 1. Give z(t).
9
Let t(b) = -b - 1 + 1 - 3 - 1. Determine t(-8).
4
Let a = -10 + 12. Let u(z) = -z - 2 + 0*z + 3. Determine u(a).
-1
Let v(r) = -r - 3. Let x = -5 + 8. Suppose 0 = -b - 1 + x. Suppose 15 = 5*g, -b*p = 2*p - g + 11. What is v(p)?
-1
Let m be (1 - 4)*(2 - 3). Let a be -7 + -2 + m - -2. Let l(w) = w + 1. Determine l(a).
-3
Suppose 0 = -b + 4. Suppose 2*v = b*r - 3*v + 28, -3*v = -2*r - 16. Let f(a) = 1 - 3*a**3 + 2*a - 3*a**3 + 5*a**3 - a**2. What is f(r)?
1
Let o(r) be the first derivative of 7*r**2/2 + 18. Give o(1).
7
Suppose -n + 2*n - 3 = 0. Let p(i) = -i**3 + 2*i**2 + 2*i + 1. Calculate p(n).
-2
Suppose -5*u + u + 18 = -5*m, 0 = -3*m - 3*u. Let d(f) be the second derivative of 1/20*f**5 + 0 - 3*f + 1/12*f**4 - 3/2*f**2 - 1/3*f**3. Give d(m).
-3
Let w(l) = -l**2 - 9*l - 7. Let v be (-2)/(-3) + 52/(-6). Calculate w(v).
1
Let q(v) be the second derivative of v**5/20 - 5*v**4/12 + v**3/3 - 3*v**2 + v. Let j = 3 - 6. Let x be -1 + 7 + 2 + j. What is q(x)?
4
Suppose y = 3*o - y - 18, -8 = -5*o - 4*y. Let a(h) = -o*h + 3*h - 1 + 1 - 1. Let g be (-2)/(-5) + 54/(-10). Calculate a(g).
4
Let j(w) be the first derivative of -w**2 + 8*w + 16. Calculate j(-6).
20
Let r(b) be the second derivative of -b**5/20 + b**4/3 - b**3/2 + b**2 - 2*b. Calculate r(2).
4
Let r(k) be the first derivative of -k + 0*k**3 - 5 + 0*k**2 + 3/2*k**4. Calculate r(-1).
-7
Suppose -5*x + 15 = w - 6*w, 3*w + 12 = 0. Let c be (1*x)/((-4)/20). Suppose a = 3*a + c*l + 8, 0 = 4*a - 2*l + 16. Let k(t) = t**2 + 5*t. Give k(a).
-4
Let l = 28/3 - 9. Let y(t) be the third derivative of t**2 + l*t**3 + 1/30*t**5 - 1/60*t*